 Let j be q(3). Calculate the highest common divisor of 60 and j.
12
Suppose -4*h - 1333 - 4235 = -10*h. Calculate the greatest common factor of h and 58.
58
Let t be (-1)/4 - (24596/(-16))/(-11). Let g = -126 - t. What is the greatest common divisor of 14 and g?
14
Let r be (-1)/2*208/(-26). Suppose 0 = 2*c + 4*l - 4, 2*c + r*l - 2*l - 14 = 0. Calculate the highest common divisor of 10 and c.
2
Let u(m) = -25*m**3 - 45*m**2 - 772*m + 24. Let h be u(-13). Calculate the highest common divisor of 20 and h.
20
Let x be (-504571)/411*(2 + -5). Calculate the greatest common divisor of x and 127.
127
Let p be ((-58)/145)/((-1)/(-15)). Let z be (1 + p)*(148/(-5) - 1). Suppose 0 = -0*i + 2*i - 34. What is the highest common divisor of z and i?
17
Let b(t) = 4*t**2 - 244*t + 19. Let c be b(61). What is the greatest common divisor of c and 7543?
19
Let n(b) = -2 - 4*b + 2 - 21 - 7*b. Let q be n(-15). What is the greatest common divisor of 112 and q?
16
Let c(g) = 3*g**2 - 19*g. Let b(t) = -t**2 + 7*t - 2. Let z be b(2). Let o be c(z). Let y = o - -180. Calculate the highest common factor of 20 and y.
20
Let x be ((-9251)/(-1682))/(1/20). What is the highest common divisor of 480 and x?
10
Let l = 4 + -8. Let c be l/(((-16)/3)/8). Calculate the highest common factor of 21 and c.
3
Let y(i) be the first derivative of -5/3*i**3 + 1/4*i**4 + 6*i - 15 + 2*i**2. Let u be y(4). What is the highest common divisor of 12 and u?
6
Suppose 0 = 7*p - 82 - 359. Suppose w + 12 = p. Suppose 8*f - 3*f = 4*n + 11, -2*f + 3*n + 3 = 0. Calculate the greatest common divisor of w and f.
3
Suppose -4*t - 2*d + 194 = -0*d, -t = 5*d - 53. Let c be ((-410)/(-3))/(6/((-72)/4)). Let r = 446 + c. Calculate the greatest common divisor of t and r.
12
Let r(g) = 13*g + 2. Let k(t) = -7*t - 1. Let c(n) = 5*k(n) + 3*r(n). Let w be c(4). Let q = -11875 + 11909. What is the greatest common factor of q and w?
17
Suppose 40*k = 35*k - 4*t + 8199, t + 9 = 0. What is the greatest common factor of k and 671?
61
Suppose -j + 4*g = -405, -24*g + 19*g - 828 = -2*j. What is the greatest common divisor of 221 and j?
13
Suppose -213*y - 76720 = -241*y. Calculate the highest common divisor of y and 110.
10
Let g(s) = 284*s**2 - 15*s - 4. Let j be g(-4). What is the highest common factor of j and 46?
46
Let x = -165 + 111. Let y = x - -230. Calculate the greatest common divisor of y and 66.
22
Let v = 7234 - 5236. What is the highest common divisor of 216 and v?
54
Let k = -386 + 413. Suppose -33 + k = -6*w. Suppose -5*l + 40 = 5. Calculate the greatest common divisor of w and l.
1
Let u = 115 - 11. Let h be ((-364)/(-105))/((-12)/(-120))*6/2. Calculate the greatest common divisor of h and u.
104
Let u(o) = -138*o - 772. Let v be u(-6). Calculate the highest common divisor of v and 742.
14
Let b = 56 - 2. Let v = 2073 - 2037. What is the highest common divisor of b and v?
18
Let g = 12393 - 12366. Calculate the highest common factor of g and 513.
27
Let i(x) = x**3 + 2*x**2 + x - 3*x + 24 - 17. Let n be i(-6). Let u = 161 - n. What is the greatest common factor of u and 26?
26
Let l = -485 - -490. Let h(u) = u**3 - 5*u**2 + 2*u - 6. Let b be h(l). Calculate the greatest common divisor of b and 220.
4
Let g be 17 + 15*6/(-18). Let p = 2 + -4. Let m be -3*(-56)/g - p. What is the highest common divisor of 64 and m?
16
Suppose -4*p - 3 = -3*t - 8*p, -5*p + 2 = 2*t. Let o be 109 + (2 - 3)*8/2. Let k be 14/o - (-118)/15. Calculate the greatest common divisor of k and t.
1
Suppose -130 = -2*j - 4*n, -j + 42 = -3*n - 53. Let c(b) = -b**3 + 2*b**2 + b - 3. Let s be c(-4). Let z = s - j. What is the highest common factor of 9 and z?
3
Let t be -24*(-9 - 84/(-9)). Let m be 21*12/336 + (-298)/t. Calculate the highest common factor of 342 and m.
38
Suppose 0 = -p + 3*d - 6, 3*p + 5*d - 4 = 3*d. Suppose p = -3*j + 15 - 0. What is the greatest common factor of 30 and j?
5
Let i = 82 + -80. Let n be i/5 + -1 - (-4532)/(-55). Let t = n - -93. What is the greatest common divisor of t and 15?
5
Let a be (-6 - 34/(-5))*10695/6. Calculate the greatest common factor of a and 138.
46
Suppose 12*u - 1241 = 343. Suppose 0 = 5*l - 3*v - u, -3*l + 1 = 2*v - 63. What is the greatest common factor of 392 and l?
8
Let l(p) = 5*p**2 - 18*p + 19. Let c be l(3). Let t(u) = 8*u**2 - 6*u - 65 + 3*u**2 - u**3 + 67. Let z be t(9). Calculate the highest common factor of z and c.
10
Let d = -1752 + 1762. Calculate the highest common factor of 3860 and d.
10
Let x be (13/7 + -1)*(-7)/(-2). Suppose 129 - 858 = -x*w. Calculate the highest common factor of 27 and w.
27
Suppose -14 = -2*u - 16, 3*s - 508 = -2*u. What is the greatest common divisor of 26690 and s?
170
Let j be (((-286)/4)/11)/(2/(-4)). Suppose j*b = 22*b - 261. What is the highest common divisor of 261 and b?
29
Let b(n) be the first derivative of 4*n**2 - 14. Let l be b(6). Let w be -315*(l/(-20))/6. What is the highest common factor of w and 14?
14
Let g(m) = -m**3 + 12*m**2 + 4*m + 12. Let k be g(11). Let u = -2 + k. Calculate the highest common divisor of 50 and u.
25
Let t = 24 + -12. Let r be -24*((-16)/t - -1). Suppose 4*b + 7*b = 132. Calculate the greatest common factor of b and r.
4
Let z = -267 + 278. Let b(s) = -s**2 + 31*s - 165. Let x be b(z). Calculate the highest common factor of 88 and x.
11
Let h be -7 + 10 + (-175)/1*-3. Let k(g) = -7*g. Let c(a) = -a - 1. Let v(t) = -4*c(t) - k(t). Let s be v(4). What is the highest common divisor of s and h?
48
Let t be ((-12)/5)/((4/(-80))/(17 + -13)). What is the greatest common divisor of t and 1248?
96
Suppose 5*o = q - 217 - 280, 0 = 4*q + 2*o - 1988. What is the highest common divisor of q and 2?
1
Let f(n) = -n**2 + 94*n - 102. Let q be f(74). What is the greatest common divisor of 424 and q?
106
Let p(q) = -2*q**2 - 11*q + 2. Let h be p(-6). Let a = h - -6. Suppose g = 1 + a. What is the greatest common factor of 33 and g?
3
Let t be (22/(-12))/((-1)/6) + 132. Let z = 34 - 8. Calculate the highest common divisor of t and z.
13
Suppose 0 = 3*r + 2*s - 78, -108*r = -110*r + s + 52. Let i(v) = -2*v + 14. Let y be i(-6). What is the greatest common divisor of r and y?
26
Let k be -1 - -47 - (8 + -10). Let m(g) = 13*g**3 - 7*g**2 - 2*g + 48. Let z be m(5). Calculate the greatest common divisor of k and z.
48
Suppose 0*w - 5*w = -470. Let z(x) = -x**3 + 11*x**2 + 33*x - 11. Let a be z(13). Let v = w - a. Calculate the highest common divisor of 4 and v.
2
Let h(t) = -t**3 + 2*t**2 - 2*t + 4. Let c = -309 + 305. Let d be h(c). What is the highest common factor of 6 and d?
6
Suppose 2874 - 2883 = -3*d. What is the greatest common factor of 19 and d?
1
Suppose -2 - 26 = -a + 4*l, -4*a + 42 = -2*l. Suppose a*o - 4*o = -4*f + 104, -55 = -2*o - 5*f. Calculate the highest common factor of o and 450.
25
Let p be (-2)/8*8*(-4)/(-8). Let b be (9 - (p - -4)) + 1. Suppose b*z - 3*z = 416. Calculate the highest common factor of z and 13.
13
Let s be (-2)/3*(-2412)/(-24). Let k = -65 - s. Calculate the highest common factor of k and 2.
2
Suppose -3*j - 1856 = 6*c - 2*c, -5*j = c + 3065. Let g = j - -1035. Suppose p = -3*o + 926, g = 3*o + 5*p - 487. What is the highest common factor of o and 31?
31
Let g be 2*(135/(-18) + 11). Calculate the highest common divisor of 721 and g.
7
Suppose i + 3*i = 16. Suppose -14*o - 201*o = -4261 + 391. Calculate the highest common factor of o and i.
2
Suppose 4*b - 71 = -3*c + 24, -5*b + 125 = 5*c. Calculate the greatest common factor of b and 1280.
20
Let b(n) = n**2 + 4*n - 5. Let t be b(-5). Suppose 5*h - 24*h + 1140 = t. Suppose -4*k - 33 = -153. Calculate the greatest common divisor of k and h.
30
Let q be 1528 + -9 - (3 + -14). Calculate the greatest common divisor of 6 and q.
6
Let i = -10228 + 17782. Suppose i - 750 = 36*h. Calculate the highest common factor of 252 and h.
63
Let s = 4446 + -4230. Calculate the highest common divisor of 4248 and s.
72
Let b be -1*7 + (24 - 20). Let g be -24*14/b*8/14. Calculate the greatest common divisor of g and 8.
8
Let z = 34967 - 34916. Let f(d) = -12*d**3 - 2*d**2 + 2*d + 1. Let j be f(-2). What is the greatest common divisor of z and j?
17
Suppose 9*q + 10 - 8 = 56. What is the greatest common divisor of q and 534?
6
Suppose -3*r + 6 = -0*r. Let w(c